{"id":614,"date":"2021-08-09T22:00:14","date_gmt":"2021-08-09T20:00:14","guid":{"rendered":"https:\/\/floweducationsports.pl\/?page_id=614"},"modified":"2023-09-07T15:40:56","modified_gmt":"2023-09-07T13:40:56","slug":"indywidualne-lekcje-plywania","status":"publish","type":"page","link":"https:\/\/flowswim.pl\/index.php\/indywidualne-lekcje-plywania\/","title":{"rendered":"INDYWIDUALNE LEKCJE P\u0141YWANIA"},"content":{"rendered":"\t\t<div data-elementor-type=\"wp-page\" data-elementor-id=\"614\" class=\"elementor elementor-614\">\n\t\t\t\t\t\t<section class=\"elementor-section elementor-top-section elementor-element elementor-element-117554aa elementor-section-full_width elementor-section-height-default elementor-section-height-default\" data-id=\"117554aa\" data-element_type=\"section\" data-e-type=\"section\">\n\t\t\t\t\t\t<div class=\"elementor-container elementor-column-gap-default\">\n\t\t\t\t\t<div class=\"elementor-column elementor-col-100 elementor-top-column elementor-element elementor-element-3c18ab0e\" data-id=\"3c18ab0e\" data-element_type=\"column\" data-e-type=\"column\">\n\t\t\t<div class=\"elementor-widget-wrap elementor-element-populated\">\n\t\t\t\t\t\t<div class=\"elementor-element elementor-element-2907c469 elementor-invisible elementor-widget elementor-widget-heading\" data-id=\"2907c469\" data-element_type=\"widget\" data-e-type=\"widget\" data-settings=\"{&quot;_animation&quot;:&quot;zoomIn&quot;}\" data-widget_type=\"heading.default\">\n\t\t\t\t<div class=\"elementor-widget-container\">\n\t\t\t\t\t<h2 class=\"elementor-heading-title elementor-size-default\"><br><br><br>Indywidualne lekcje p\u0142ywania<\/h2>\t\t\t\t<\/div>\n\t\t\t\t<\/div>\n\t\t\t\t<div class=\"elementor-element elementor-element-8d20419 elementor-widget-divider--view-line elementor-invisible elementor-widget elementor-widget-divider\" data-id=\"8d20419\" data-element_type=\"widget\" data-e-type=\"widget\" data-settings=\"{&quot;_animation&quot;:&quot;slideInLeft&quot;}\" data-widget_type=\"divider.default\">\n\t\t\t\t<div class=\"elementor-widget-container\">\n\t\t\t\t\t\t\t<div class=\"elementor-divider\">\n\t\t\t<span class=\"elementor-divider-separator\">\n\t\t\t\t\t\t<\/span>\n\t\t<\/div>\n\t\t\t\t\t\t<\/div>\n\t\t\t\t<\/div>\n\t\t\t\t\t<\/div>\n\t\t<\/div>\n\t\t\t\t\t<\/div>\n\t\t<\/section>\n\t\t\t\t<section class=\"elementor-section elementor-top-section elementor-element elementor-element-391ac0b4 elementor-section-stretched elementor-section-content-middle elementor-section-boxed elementor-section-height-default elementor-section-height-default elementor-invisible\" data-id=\"391ac0b4\" data-element_type=\"section\" data-e-type=\"section\" data-settings=\"{&quot;stretch_section&quot;:&quot;section-stretched&quot;,&quot;background_background&quot;:&quot;classic&quot;,&quot;animation&quot;:&quot;zoomIn&quot;,&quot;animation_delay&quot;:200}\">\n\t\t\t\t\t\t<div class=\"elementor-container elementor-column-gap-default\">\n\t\t\t\t\t<div class=\"elementor-column elementor-col-100 elementor-top-column elementor-element elementor-element-56617358\" data-id=\"56617358\" data-element_type=\"column\" data-e-type=\"column\">\n\t\t\t<div class=\"elementor-widget-wrap elementor-element-populated\">\n\t\t\t\t\t\t<div class=\"elementor-element elementor-element-51e5a9de elementor-widget elementor-widget-text-editor\" data-id=\"51e5a9de\" data-element_type=\"widget\" data-e-type=\"widget\" data-widget_type=\"text-editor.default\">\n\t\t\t\t<div class=\"elementor-widget-container\">\n\t\t\t\t\t\t\t\t\t<p>Oczekujesz jeszcze szybszych efekt\u00f3w oraz skupienia uwagi instruktora wy\u0142\u0105cznie na sobie? A mo\u017ce Twoje dziecko potrzebuje wyj\u0105tkowego podej\u015bcia w prze\u0142amaniu l\u0119ku przed wod\u0105, wi\u0119cej troski i poczucia bezpiecze\u0144stwa w pocz\u0105tkowej adaptacji do zaj\u0119\u0107 na p\u0142ywalni?<\/p>\n<p>Praca jeden na jeden sprzyja budowaniu zaufania, co w rezultacie prowadzi do natychmiastowego opanowania nowych umiej\u0119tno\u015bci.<\/p>\n<p>Ju\u017c dzi\u015b um\u00f3w si\u0119 z naszym trenerem!<\/p>\n<p><span style=\"color: #0000ff;\"><u><a href=\"mailto:floweducationsports@kontakt.pl\">kontakt@flow<\/a>swim.pl<\/u><\/span><\/p>\n<p>tel. 793 003 658 lub 883 149 442<\/p>\n<p>*Cennik zaj\u0119\u0107 indywidualnych:<\/p>\n<p>150z\u0142\/ lekcja 45 minut \u2013 1 osoba<\/p>\n<p>210z\u0142\/ lekcja 45 minut \u2013 2 osoby<\/p>\n<p>270z\u0142\/ lekcja 45 minut \u2013 3 osoby<\/p>\t\t\t\t\t\t\t\t<\/div>\n\t\t\t\t<\/div>\n\t\t\t\t\t<\/div>\n\t\t<\/div>\n\t\t\t\t\t<\/div>\n\t\t<\/section>\n\t\t\t\t<\/div>\n\t\t","protected":false},"excerpt":{"rendered":"<p>Indywidualne lekcje p\u0142ywania Oczekujesz jeszcze szybszych efekt\u00f3w oraz skupienia uwagi instruktora wy\u0142\u0105cznie na sobie? A mo\u017ce Twoje dziecko potrzebuje wyj\u0105tkowego podej\u015bcia w prze\u0142amaniu l\u0119ku przed wod\u0105, wi\u0119cej troski i poczucia bezpiecze\u0144stwa w pocz\u0105tkowej adaptacji do zaj\u0119\u0107 na p\u0142ywalni? Praca jeden na jeden sprzyja budowaniu zaufania, co w rezultacie prowadzi do natychmiastowego opanowania nowych umiej\u0119tno\u015bci. Ju\u017c [&hellip;]<\/p>\n","protected":false},"author":1,"featured_media":0,"parent":0,"menu_order":0,"comment_status":"closed","ping_status":"closed","template":"","meta":{"site-sidebar-layout":"no-sidebar","site-content-layout":"page-builder","ast-site-content-layout":"default","site-content-style":"default","site-sidebar-style":"default","ast-global-header-display":"","ast-banner-title-visibility":"","ast-main-header-display":"","ast-hfb-above-header-display":"","ast-hfb-below-header-display":"","ast-hfb-mobile-header-display":"","site-post-title":"disabled","ast-breadcrumbs-content":"","ast-featured-img":"disabled","footer-sml-layout":"","ast-disable-related-posts":"","theme-transparent-header-meta":"default","adv-header-id-meta":"","stick-header-meta":"default","header-above-stick-meta":"","header-main-stick-meta":"","header-below-stick-meta":"","astra-migrate-meta-layouts":"default","ast-page-background-enabled":"default","ast-page-background-meta":{"desktop":{"background-color":"","background-image":"","background-repeat":"repeat","background-position":"center center","background-size":"auto","background-attachment":"scroll","background-type":"","background-media":"","overlay-type":"","overlay-color":"","overlay-opacity":"","overlay-gradient":""},"tablet":{"background-color":"","background-image":"","background-repeat":"repeat","background-position":"center center","background-size":"auto","background-attachment":"scroll","background-type":"","background-media":"","overlay-type":"","overlay-color":"","overlay-opacity":"","overlay-gradient":""},"mobile":{"background-color":"","background-image":"","background-repeat":"repeat","background-position":"center center","background-size":"auto","background-attachment":"scroll","background-type":"","background-media":"","overlay-type":"","overlay-color":"","overlay-opacity":"","overlay-gradient":""}},"ast-content-background-meta":{"desktop":{"background-color":"var(--ast-global-color-5)","background-image":"","background-repeat":"repeat","background-position":"center center","background-size":"auto","background-attachment":"scroll","background-type":"","background-media":"","overlay-type":"","overlay-color":"","overlay-opacity":"","overlay-gradient":""},"tablet":{"background-color":"var(--ast-global-color-5)","background-image":"","background-repeat":"repeat","background-position":"center center","background-size":"auto","background-attachment":"scroll","background-type":"","background-media":"","overlay-type":"","overlay-color":"","overlay-opacity":"","overlay-gradient":""},"mobile":{"background-color":"var(--ast-global-color-5)","background-image":"","background-repeat":"repeat","background-position":"center center","background-size":"auto","background-attachment":"scroll","background-type":"","background-media":"","overlay-type":"","overlay-color":"","overlay-opacity":"","overlay-gradient":""}},"footnotes":""},"class_list":["post-614","page","type-page","status-publish","hentry"],"_links":{"self":[{"href":"https:\/\/flowswim.pl\/index.php\/wp-json\/wp\/v2\/pages\/614","targetHints":{"allow":["GET"]}}],"collection":[{"href":"https:\/\/flowswim.pl\/index.php\/wp-json\/wp\/v2\/pages"}],"about":[{"href":"https:\/\/flowswim.pl\/index.php\/wp-json\/wp\/v2\/types\/page"}],"author":[{"embeddable":true,"href":"https:\/\/flowswim.pl\/index.php\/wp-json\/wp\/v2\/users\/1"}],"replies":[{"embeddable":true,"href":"https:\/\/flowswim.pl\/index.php\/wp-json\/wp\/v2\/comments?post=614"}],"version-history":[{"count":25,"href":"https:\/\/flowswim.pl\/index.php\/wp-json\/wp\/v2\/pages\/614\/revisions"}],"predecessor-version":[{"id":2202,"href":"https:\/\/flowswim.pl\/index.php\/wp-json\/wp\/v2\/pages\/614\/revisions\/2202"}],"wp:attachment":[{"href":"https:\/\/flowswim.pl\/index.php\/wp-json\/wp\/v2\/media?parent=614"}],"curies":[{"name":"wp","href":"https:\/\/api.w.org\/{rel}","templated":true}]}}